 56*v. What is the units digit of v?
9
Let k be 4 - (-11 + 1 + (14 - 11)). Suppose k*m + 0*m = -726. Let h = -54 - m. What is the tens digit of h?
1
Suppose -y = q - 6062, -5*y + 6062 = 2*q - 6047. What is the units digit of q?
7
Let o(m) = -m**3 + 4*m**2 + 4*m - 6. Let y be o(4). Suppose 0 = 4*z + 20*z + 72. What is the units digit of z/5 - (-286)/y?
8
Let v(c) = -18*c - 63. Let t be v(-8). What is the tens digit of 2/(-6) - (-47898)/t?
9
Let u(s) = -95*s + 15 - 17 - 53*s - 125*s. What is the units digit of u(-1)?
1
Suppose -2*x + 10 = 3*f + 2*x, x = 2*f - 3. Suppose -3*u - 5*l + 20 = 2*u, -4 = -f*l. Suppose -17 = u*m - 75. What is the tens digit of m?
2
Let t = -16786 + 58395. What is the tens digit of t?
0
What is the hundreds digit of ((-2)/((-24)/(-25407)))/(21/(-112))?
2
Suppose -7959 = -11*l + 2667. Suppose -4*c + 5*k - 2*k + l = 0, 0 = 5*c - 4*k - 1208. What is the tens digit of c?
4
Let a(i) = 3*i**2 - 101*i + 362. Let m be a(31). Suppose 541 - 13 = 2*s. Let k = s - m. What is the tens digit of k?
5
Suppose -6*v + 6 = 2*b - 7*v, 2*v = b. Suppose b*k - 1902 = -2*u, 0 = 4*k + u - 3 - 1896. What is the hundreds digit of k?
4
Suppose 38 = -p + 32, -5*p - 40148 = -m. What is the thousands digit of m?
0
Let k be (-1)/2*(4 + 0). Suppose -4*b + 5*a = b + 15, 4*a - 15 = 3*b. What is the tens digit of k/((-8)/596 + b - 3)?
4
Let s = 7 - 71. Let c be ((s/(-10))/2)/(8/120). Suppose -7*l + c = -3*l. What is the units digit of l?
2
Suppose 2*d = 41*l - 37*l - 199788, -5*l - 5*d + 249705 = 0. What is the hundreds digit of l?
9
Suppose -5*t + 4*j + 20796 = 0, -4*t + j = 5*j - 16644. Suppose -12*k + 3448 + t = 0. What is the hundreds digit of k?
6
Suppose -g + 3*g + 89 = -3*t, 5*t - 113 = 2*g. Let p = g - -49. Suppose 7*v + 25 - 172 = p. What is the units digit of v?
1
Let d(q) = -280*q - 1261. What is the units digit of d(-51)?
9
Let y = -55 - -52. Let r be (5 - 2 - (11 + y)) + 2. What is the tens digit of (-95)/35 - r - 276/(-14)?
2
Suppose -3*d + 6*d + 2*k = -13, -d - 5 = k. Let m be (2/(-8))/(3/(-12)) - d. What is the units digit of -6*(m/(-4))/2?
3
Let z = 75405 - 39130. What is the ten thousands digit of z?
3
Let h(a) = 62*a + 19. Let f be h(8). Suppose 164 - f = -9*j. Suppose 0 = -10*r + 231 + j. What is the units digit of r?
7
Let h(k) = 15*k**3 + 51*k**2 + 5*k - 84. What is the tens digit of h(12)?
4
Let h(x) = 4*x + 18. Let u = -2 - 6. Let j(c) = -c - 6. Let r(f) = u*j(f) - 3*h(f). What is the units digit of r(-13)?
6
Suppose i = -16*h + 12*h + 244155, 4*h - 3*i = 244159. What is the hundreds digit of h?
0
Let a(k) = 11*k**2 + 3 + 12*k**2 - 323*k + 301*k. What is the hundreds digit of a(4)?
2
Let w(v) = 69*v**3 - 7*v + 7. Let s be w(1). Suppose 60*l - s = 57*l. What is the tens digit of l?
2
Let i = 21 + -15. Suppose -i*p - 13 - 5 = 0. Let h(y) = 3*y**2 - 2*y - 3. What is the units digit of h(p)?
0
Let s(g) = 54*g**2 - 8*g - 62 - 30*g**2 + 45*g**2 + g**2. What is the tens digit of s(-4)?
9
Suppose 4*s - 5*b = -7*b + 4642, -5*b + 4651 = 4*s. Suppose -11*n = -205 - s. What is the hundreds digit of n?
1
Let c = 155747 - 87645. What is the thousands digit of c?
8
Suppose 8067186 + 715666 = -413*w + 41112079. What is the thousands digit of w?
8
Let t = -4214 - -8880. What is the hundreds digit of t?
6
Let q = -65 + 66. What is the hundreds digit of 3/((q/1)/127)?
3
Let q = -14426 - -40549. What is the tens digit of q?
2
Let a = 7004 + -2251. What is the hundreds digit of a?
7
Suppose 0 = 173*g - 185*g + 223128. What is the ten thousands digit of g?
1
Let w(p) = p**2 + 13*p - 157. What is the tens digit of w(23)?
7
Let u(t) = -99*t**3 + t**2 + t - 2. Let p be u(1). Let w be (19/3 + 3)*15. Let z = p + w. What is the units digit of z?
1
Suppose -17*v + 406833 = 24*v - 20*v. What is the units digit of v?
3
Suppose 0 = 4*v - 5*k - 5087, -6862 + 1789 = -4*v + 3*k. What is the units digit of v?
3
Let z = 9076 + -6188. Suppose 35*y + z = 43*y. What is the hundreds digit of y?
3
Let h(p) = 6*p**2 - 2*p - 32. Suppose 2*k + w - 13 = 0, -3*k + 3*w + 65 = 23. What is the units digit of h(k)?
6
Let h(c) = -526*c + 22. Let f be h(1). Let p = -393 - f. What is the tens digit of p?
1
Let x be (-22 - -16)*(-2)/3. Let z = -13 + x. What is the units digit of (162/(-12))/z*(-4)/(-3)?
2
Let b = 14640 + -6226. What is the hundreds digit of b?
4
Suppose 2*u - 3060 = -l, -l - 3*l = -5*u - 12214. What is the tens digit of l?
5
Let m(u) = -3455*u + 1110. What is the ten thousands digit of m(-3)?
1
Suppose 25*w - 50921 = 24*w + 4*x, -2*w + 101914 = x. What is the hundreds digit of w?
9
Suppose -258*l = -249*l - 26325. What is the hundreds digit of l?
9
What is the thousands digit of (0 - -2)/(-14)*7 - -8868?
8
What is the hundreds digit of ((-13005)/(-15))/(-3 - 36/(-10))?
4
Let m = -24 + 24. Suppose 8*i + m*i = 1784. What is the units digit of i?
3
What is the ten thousands digit of ((-18)/(-63) - 150936/7)/((-7)/14)?
4
Let m = 403 + -983. Let a = m - -602. What is the tens digit of a?
2
Let w(j) = -j + 7. Let n be w(-6). Let b = 50 + n. What is the tens digit of b?
6
Suppose -206 + 185 = -3*p. Suppose t - 2*f + p*f = 1227, 4*f - 8 = 0. What is the tens digit of t?
1
Suppose 20*n - 102613 + 168093 = 662160. What is the thousands digit of n?
9
Let n(g) = -4*g**3 - 4*g**2 + 201*g - 69. What is the thousands digit of n(-27)?
0
Let a(g) = g**2 - 15*g - 12. Let r be a(6). Let j = r + 70. What is the units digit of 359/j + 1 + (-36)/48?
0
Suppose -20*m + 59710 + 61410 = 0. What is the units digit of m?
6
Suppose 146*r - 147*r + 2356 = 0. Let x = -1472 + r. What is the units digit of x?
4
Let q(z) = -2*z - 19. Let y be q(-12). Suppose m - y*n - 399 = 0, -2*m + n + 809 = 2*n. What is the tens digit of m?
0
Let q = 44 + -38. Suppose -2*k + q*k + 672 = 0. Let c = k - -240. What is the tens digit of c?
7
Let p be 5 + 5/25*95. What is the tens digit of ((-3802)/p - (-2)/(-6))*-4?
3
Suppose 14*k - 6*k - 376 = 0. Suppose 31*i + k = 32*i. What is the units digit of i?
7
Let k = 43 - 30. Let a(l) = -4 + k*l**2 + 7*l - 5*l - 12*l**2. What is the units digit of a(-5)?
1
Suppose -6*y - s + 55 = -4*y, -4*s + 133 = 5*y. Suppose y*m - 25212 = -4*m. What is the tens digit of m?
6
Suppose -f + 136 = -5*h + 1137, -401 = -2*h + f. Let p be 65 + (2/3 - (-20)/15). Suppose -2*m - p = -q, -q - h = -4*q + 5*m. What is the tens digit of q?
6
Let j(g) = g + 322. Let b be j(20). Let o = b + -241. What is the units digit of o?
1
Let h be 3/(24/3658) + (-12)/(-16). Let d = 1185 - h. What is the units digit of d?
7
Let y = -216 - -246. Suppose -24*g - 2352 = -y*g. What is the hundreds digit of g?
3
Suppose m - 5 = 0, 5*n - 40 = -0*n + m. What is the hundreds digit of -4 - n/((-72)/8960)?
1
Let k(t) = 114*t + 121. Let a(x) = -111*x - 120. Let o(y) = -6*a(y) - 5*k(y). What is the tens digit of o(16)?
5
Suppose b = 2*m - 1394, 2*b + 4339 - 1523 = -3*m. Suppose 0 = r + 2*r + 18. What is the tens digit of (-8)/(-6) + b/r?
3
Let v = 50 + -78. Let l be (-8)/v - (-38)/14. Suppose -q = -l*q + 314. What is the units digit of q?
7
Let f(v) = 7*v - 13. Suppose -5*t + 156 - 6 = 0. Let r = -23 + t. What is the tens digit of f(r)?
3
Suppose -2*l - 26*r + 8520 = -30*r, -21216 = -5*l - 4*r. What is the hundreds digit of l?
2
Let x be 1426 - (3 + 3 + -6). Suppose 4*u - u = v - x, u - 1406 = -v. What is the units digit of v?
1
Let n(o) = -2*o**2 + 3*o**2 - 5 - 2*o + 5*o - 13. Let d(f) = f**2 + 16*f + 3. Let h be d(-15). What is the units digit of n(h)?
0
Suppose 228*d - 343*d + 32105 = -1524305. What is the ten thousands digit of d?
1
Let x(k) = 6*k**2 - 43*k - 35. Let s be x(8). What is the units digit of (348/s)/((-39)/(-130))?
2
Let y = 36 - 34. Suppose -y*v - 16 + 60 = 0. Suppose -3*x - 4 + v = 2*t, -4*x = -5*t + 22. What is the units digit of t?
6
Let f(v) = -1604*v + 943. What is the thousands digit of f(-10)?
6
Let r(q) be the first derivative of -4*q**2 - 2*q + 66. Let g = 24 - 37. What is the hundreds digit of r(g)?
1
Suppose -3*h - 3*a = 24, 4*a + 0 - 46 = 2*h. What is the hundreds digit of (1 - (-11)/(-1))*(h - 3)?
1
Let d(o) = 2*o**2 - 22*o + 10. Let y(s) = -2*s**2 + 24*s - 11. Let t(i) = -4*d(i) - 3*y(i). Let u be t(-7). What is the units digit of 10/(-3)*(u/5 + -1)?
8
Let o be (-4)/6 + 5630/30. What is the te